 (-136)/238 + (-208392)/(-28)?
2
Suppose 2*c - 190 = 2*h, -11 = -2*c + h + 180. Suppose -85*x = -c*x + 1265. What is the hundreds digit of x?
1
Let f = 3072 - 1376. Suppose -52 + f = 6*q. What is the tens digit of q?
7
Suppose t - 56 + 50 = 0, -3102 = -3*j + 5*t. What is the hundreds digit of j?
0
Let d(k) = -9*k + 120. Let v be d(13). Suppose 4*i + 303 = v*t + 2272, -4*t = -5*i + 2462. What is the hundreds digit of i?
4
Suppose 5*b - 8*y = -4*y + 37, 4*y = -5*b + 13. Suppose 4*t + b*m + 35 = -t, 4*t + 3*m + 24 = 0. What is the units digit of 42 - (4 - 7)/t?
1
Suppose -40531 = 55*h + 49724. Let r = -435 - h. What is the units digit of r?
6
Let a = 20 - 16. Suppose -4*j + 5*j = -a*j. Suppose j = 3*c - 12, 68 = 3*g + 5*c - 0*c. What is the units digit of g?
6
Let y = 58 - 55. Suppose g + 15 = -3*g - y*w, 2*w = 4*g + 10. What is the tens digit of (-195)/(-12) + g*(-2)/(-24)?
1
Suppose 5*j + 5*d = 1039 + 3026, -4*j + 3273 = -3*d. Suppose -j = 37*u - 40*u. What is the units digit of u?
2
Let j be (0 - 2) + 5 + -23. What is the hundreds digit of -1 - 5/(j/1728)?
4
What is the hundreds digit of (894/42 + -22)*-105224?
1
Suppose -30*n = 3*t - 31*n - 26692, 5*t - 44440 = -5*n. What is the tens digit of t?
9
Let f(m) be the third derivative of -m**6/120 - 11*m**5/60 + m**4/4 + 3*m**3/2 - 13*m**2. Let x be 28/14 + (-3)/((-6)/(-28)). What is the units digit of f(x)?
1
Let c(p) = p**3 - 12*p**2 - 35 - 11*p**2 - 6*p + p**2 - 2*p**3. Let v be c(-22). Let s = 350 - v. What is the units digit of s?
3
Let r = -23845 + 53689. What is the tens digit of r?
4
Let l = 32237 + -16871. What is the ten thousands digit of l?
1
Let t = -186 + 130. Let b = t - -52. What is the tens digit of 2*(-110)/15*3/b?
1
Suppose -n + 8 = 2*m, -5*n - 3*m + 22 = m. Suppose -3*g + v = 199, n*g + 2*v - 55 = -201. Let y = 177 + g. What is the hundreds digit of y?
1
Let a(c) = 21*c**2 - 3*c + 930. What is the units digit of a(0)?
0
Let i be 1 - (0 + 0) - -3. Let w be (-8)/(-6)*i/((-48)/594). What is the tens digit of 22/w + (1082/6 - 0)?
8
Let d be (8 + 8/(-1))/(4/(-2)). Suppose d = 5*j - 1243 + 153. What is the hundreds digit of j?
2
What is the thousands digit of 4*-1*(1 - -1) + -1 + 63148?
3
Let n be 2/(-4)*(5 + (-1 - -2)). Let g(r) = r + 13. Let z be g(n). Suppose -2*l + z*l = 1240. What is the hundreds digit of l?
1
Let v = 221959 + -139247. What is the ten thousands digit of v?
8
Suppose -5*u - 8 = 4*h, 0 = 8*h - 13*h - 10. What is the tens digit of (2 - (u - -6))/(2/(-58))?
1
Let i = -4960 + 12023. What is the units digit of i?
3
Let q be (9/3 - -9)*1. Let o = -16 + q. What is the units digit of (-3)/((-9)/84)*(-6)/o?
2
Let h = 64 - 1881. Let b = -880 - h. What is the hundreds digit of b?
9
Let a be (117/(-18) + 0/(-2))*-4. Suppose -218 - a = -o. What is the units digit of o?
4
Suppose -5*h - 14 = 6, 5*a - 5*h = 20. Let j(u) = 19*u**2 + u + 2 + a + 0 - 10*u**2. What is the units digit of j(-1)?
0
Let x = -24252 + 42377. What is the tens digit of x?
2
Suppose 0 = 13*m - 6*m - 70. Let h(d) = 10*d**2 - 4*d + 24. What is the tens digit of h(m)?
8
Let c(y) = 2*y**2 + 3*y - 5. Let o be (22/6 - 1)*297/66. Suppose 2 = q - b - 0*b, 3*q - b = o. What is the units digit of c(q)?
0
Suppose -3*x + 325 + 803 = 0. Suppose -5*t = 3*m - 478, -4*t - m - 3*m + x = 0. Let z = -69 + t. What is the tens digit of z?
2
Let w = 29055 + 19607. What is the hundreds digit of w?
6
Suppose -5*m + 12*g = 11*g - 2934, m - 4*g = 583. What is the units digit of m?
7
Let q be ((-142)/(-4))/(1 + 925/(-930)). Suppose 8*j - q = 2333. What is the tens digit of j?
1
Suppose -2*h - 4*g + 5 = 13, -3*h - g = 7. Let c be ((-8)/h)/((-10)/(-55)). Let u(q) = -2*q + 49. What is the units digit of u(c)?
5
Suppose 0 = 2*f + 212 - 700. Let u = -143 + 165. Suppose 20*c - u*c = -f. What is the units digit of c?
2
Let j(l) = 1430*l**2 + 579*l + 1741. What is the hundreds digit of j(-3)?
8
Suppose -522752 = -690*h + 674*h. What is the thousands digit of h?
2
Suppose 286*w = 284*w + 4. Let l(b) = 8*b**3 + 6*b**2 - 5. What is the tens digit of l(w)?
8
Suppose 85008 + 70481 = 4*v + 3*o, -2*o = 4*v - 155486. What is the thousands digit of v?
8
Suppose 0 = 5*n - 5*q, -12 = 4*n - 5*n - 5*q. Suppose -4*g - 700 = -n*g. Let h = g - -528. What is the units digit of h?
8
Suppose 0 = -127*v + 38*v + 6016667. What is the ten thousands digit of v?
6
Let a be 2/4 + (-18935)/70. Let u = a + 459. What is the tens digit of u?
8
Suppose -169*l + 36*l + 984856 = -509000. What is the tens digit of l?
3
Suppose -16*z = -87254 + 54. What is the units digit of z?
0
Let o(g) = 687*g + 10911. What is the thousands digit of o(62)?
3
Suppose -4957 = -2*o + y + 6553, 3*o - 17226 = -5*y. What is the units digit of o?
2
Suppose 3*a - 195 - 11 = -5*i, 70 = 2*i - 5*a. What is the tens digit of 15/i + (-20271)/(-24)?
4
Let j = -12 + 22. Let f be (-4)/((-24)/j) + (-2)/(-6). Suppose 3*r - 11 = -t + 45, 3*r + 130 = f*t. What is the tens digit of t?
6
Let c(k) = -13*k - 17. Let s = 17 + -20. Let n be c(s). Suppose -n = -2*l + 16. What is the tens digit of l?
1
Suppose o + 31 = 81. Suppose -16 + 22 = -3*v, -3*c + 354 = -3*v. Suppose -j = -o - c. What is the tens digit of j?
6
Suppose 130 = 4*y - 14. Let p = y - 32. Let x(i) = 18*i - 9. What is the units digit of x(p)?
3
Suppose 151656 = -245*s + 251*s. What is the hundreds digit of s?
2
Let o(y) = y**3 - y**2 - y + 12. Let s be o(0). Let a be 3/(-2)*(-136)/s. Suppose -i + 6*i + 11 = t, a = t - 3*i. What is the units digit of t?
6
Let z(m) = -2*m - 29. Suppose 2*y + 4*y + 162 = 0. Let u be z(y). Suppose u*v - 23*v - 536 = 0. What is the hundreds digit of v?
2
Let p be (-11 + 0)/(6/(-24)). Let k = 48 - p. Suppose 296 = k*q - 3*z - 30, 0 = 3*q - 5*z - 239. What is the units digit of q?
3
Let t be -21 + 6*2/(-4). Let p = 100 + t. Suppose -q + p = -41. What is the units digit of q?
7
Let i = -46 + 31. Let w be (-57)/i - 8/10. Suppose -6*f = w*t - 2*f, -t - 5*f - 11 = 0. What is the units digit of t?
4
Let v = -611 + 891. Suppose 8*u - v = u. Suppose -90 = -5*t + 5*z, 2*t + 5*z - u = 31. What is the units digit of t?
3
Let c be 55/110 + ((-466)/(-4) - 1). Suppose 118*m - 956 = c*m. What is the hundreds digit of m?
4
Let q be 1/((-2)/((-8)/(-1))). Let v = 4853 + -4829. What is the tens digit of (q*294/(-96))/(2/v)?
4
Let r = -668 - -668. Suppose r = -3*a - 3*h + 2835, a - 2*h - 21 = 918. What is the hundreds digit of a?
9
Let b = 63736 + -24896. What is the tens digit of b?
4
Let m be 52074/132*(-1)/3*-2. Let f be 0/3 - (m - 2/(-1)). Let a = f - -474. What is the tens digit of a?
0
Suppose 14 = -3*h - 10. Let k = 11 + h. Suppose 0*y = -k*y + 204. What is the units digit of y?
8
Let d = 16 + -23. Let q(w) = -6*w + 16. Let o be q(d). Let g = o - 54. What is the units digit of g?
4
Let i(a) = a**3 - 9*a**2 - 2*a + 10. Let d be i(9). Let p = d + 241. Suppose 4*j - 3*r + 4*r - p = 0, -r - 109 = -2*j. What is the tens digit of j?
5
Suppose 249575 = 5*d - 5*p, 182*d = 184*d - p - 99821. What is the tens digit of d?
0
What is the hundreds digit of 21*(-1624)/24*(-20)/14?
0
Let y(a) = 17*a**2 - 6*a - 133. Let m be y(-10). Let x = -1040 + m. What is the hundreds digit of x?
5
Let w = 9880 - -43137. What is the units digit of w?
7
Let i(v) = -7*v - 79. Let h(y) = -3*y - 39. Let b(g) = -13*h(g) + 6*i(g). Let q be b(13). What is the hundreds digit of (2 - (-1042)/9) + q/(-27)?
1
Suppose -1987*m + 136410 = -1982*m. What is the units digit of m?
2
Suppose -j = -4*x - 29819, 0 = -4*j + 2*x + 32158 + 87090. What is the hundreds digit of j?
8
Let s = 6923 - 4999. What is the hundreds digit of s?
9
Suppose -w + 1 = 0, 14*b - 16*b + 26 = -2*w. What is the units digit of b?
4
Let h(j) = -j + 11. Let l be h(9). Suppose l*n = 3*n - 33. Suppose 0 = 2*p - n + 15. What is the units digit of p?
9
Let z = 120 - 117. Suppose -3*q - 5*n - 24 = 0, z*n = -2*q - 2*q - 21. What is the tens digit of q/((-18)/(-8))*-18?
2
Suppose w + 14 - 14 = 0. Suppose 4*i + 4 = f, w*i = -f - i + 24. What is the tens digit of f?
2
Let b = 13 + 22. Suppose b*g = -4837 + 38927. What is the tens digit of g?
7
Suppose 0 = 45*p - 16280 + 2960. What is the hundreds digit of p?
2
Let v be 48/(-32)*(-10)/3. Suppose -3*n = v*n - 3800. What is the tens digit of n?
7
Let t = -11499 + 135